y 38690?
24
What is the remainder when 176244 is divided by 10334?
566
Calculate the remainder when 2194599 is divided by 196.
183
What is the remainder when 5265013 is divided by 66645?
58
Calculate the remainder when 228096 is divided by 2507.
2466
What is the remainder when 337297 is divided by 1520?
1377
What is the remainder when 5027343 is divided by 1675765?
48
What is the remainder when 642888 is divided by 236?
24
What is the remainder when 96670530 is divided by 131?
128
What is the remainder when 3304959 is divided by 1098?
1077
Calculate the remainder when 41505 is divided by 20576.
353
What is the remainder when 3533979 is divided by 1766966?
47
Calculate the remainder when 40502508 is divided by 43.
34
Calculate the remainder when 16396 is divided by 1499.
1406
What is the remainder when 41927 is divided by 41869?
58
What is the remainder when 55499 is divided by 1606?
895
What is the remainder when 1216843 is divided by 8112?
43
Calculate the remainder when 446354 is divided by 325.
129
Calculate the remainder when 7113125 is divided by 3556555.
15
Calculate the remainder when 111971702 is divided by 163.
156
What is the remainder when 961708 is divided by 6124?
240
Calculate the remainder when 2757352 is divided by 6963.
4
What is the remainder when 5254483 is divided by 501?
496
Calculate the remainder when 28387 is divided by 3129.
226
What is the remainder when 253076 is divided by 40070?
12656
Calculate the remainder when 1146106 is divided by 1085.
346
Calculate the remainder when 102025 is divided by 954.
901
Calculate the remainder when 9619865 is divided by 3206615.
20
What is the remainder when 42651 is divided by 21308?
35
Calculate the remainder when 5158741 is divided by 25412.
105
Calculate the remainder when 3146519 is divided by 2577.
2
Calculate the remainder when 8376394 is divided by 61.
57
Calculate the remainder when 16905 is divided by 3550.
2705
What is the remainder when 12053105 is divided by 342?
341
What is the remainder when 25157021 is divided by 11?
10
What is the remainder when 2218020 is divided by 2218003?
17
Calculate the remainder when 3527079 is divided by 390.
309
What is the remainder when 433788 is divided by 836?
740
Calculate the remainder when 3241836 is divided by 83.
22
What is the remainder when 233586 is divided by 264?
210
Calculate the remainder when 181277 is divided by 96.
29
What is the remainder when 1589723 is divided by 1788?
191
Calculate the remainder when 6231934 is divided by 264.
214
What is the remainder when 34157 is divided by 674?
457
What is the remainder when 98211051 is divided by 299?
16
What is the remainder when 81427428 is divided by 211?
207
Calculate the remainder when 78934812 is divided by 762.
756
What is the remainder when 561572 is divided by 1141?
200
What is the remainder when 2298645 is divided by 14?
13
What is the remainder when 241404450 is divided by 80468147?
9
What is the remainder when 932849 is divided by 450?
449
Calculate the remainder when 157937407 is divided by 301.
299
Calculate the remainder when 101876977 is divided by 268.
261
Calculate the remainder when 437314 is divided by 437273.
41
What is the remainder when 4780152 is divided by 1593378?
18
What is the remainder when 6420537 is divided by 5837?
5674
Calculate the remainder when 73279398 is divided by 108.
102
What is the remainder when 201882 is divided by 13444?
222
Calculate the remainder when 2089827 is divided by 834.
657
What is the remainder when 495312 is divided by 25?
12
What is the remainder when 50114094 is divided by 31?
21
What is the remainder when 324512 is divided by 1876?
1840
Calculate the remainder when 1935555 is divided by 1148.
27
Calculate the remainder when 39613916 is divided by 127.
76
What is the remainder when 566530 is divided by 29817?
7
Calculate the remainder when 121069837 is divided by 1081.
1080
What is the remainder when 178012041 is divided by 4178?
4173
What is the remainder when 3672998 is divided by 2739?
2738
What is the remainder when 396066 is divided by 695?
611
Calculate the remainder when 10986513 is divided by 2286.
2283
Calculate the remainder when 137050 is divided by 66472.
4106
Calculate the remainder when 665309 is divided by 20157.
128
What is the remainder when 161531 is divided by 79965?
1601
Calculate the remainder when 33398979 is divided by 158.
149
What is the remainder when 11068140 is divided by 2741?
2723
Calculate the remainder when 123398 is divided by 77.
44
Calculate the remainder when 48198399 is divided by 320.
319
What is the remainder when 1268489 is divided by 139?
114
What is the remainder when 4110524 is divided by 44?
0
What is the remainder when 560355 is divided by 343?
236
Calculate the remainder when 12980 is divided by 12815.
165
What is the remainder when 655792 is divided by 5419?
93
What is the remainder when 154386823 is divided by 745830?
13
What is the remainder when 5253713 is divided by 1649?
1648
Calculate the remainder when 4248520 is divided by 1014.
874
What is the remainder when 770170 is divided by 384696?
778
Calculate the remainder when 36510 is divided by 18185.
140
Calculate the remainder when 625925 is divided by 4503.
8
What is the remainder when 1055834 is divided by 175929?
260
What is the remainder when 4646820 is divided by 1322?
1312
Calculate the remainder when 18504 is divided by 8283.
1938
Calculate the remainder when 150923 is divided by 30.
23
What is the remainder when 379344 is divided by 1016?
376
Calculate the remainder when 2756041 is divided by 1378002.
37
What is the remainder when 4015967 is divided by 5?
2
What is the remainder when 15761572 is divided by 5959?
17
Calculate the remainder when 6505633 is divided by 2745.
2728
What is the remainder when 292767 is divided by 3527?
26
Calculate the remainder when 107569 is divided by 34153.
5110
What is the remainder when 325679 is divided by 203?
67
Calculate the remainder when 10499281 is divided by 423.
421
Calculate the remainder when 19363 is divided by 796.
259
Calculate the remainder when 3262030 is divided by 25.
5
What is the remainder when 16737219 is divided by 59563?
16
What is the remainder when 21333403 is divided by 10666700?
3
Calculate the remainder when 667293 is divided by 667275.
18
What is the remainder when 425247 is divided by 38654?
53
Calculate the remainder when 1275221 is divided by 28973.
409
Calculate the remainder when 130509975 is divided by 179.
1
Calculate the remainder when 53877 is divided by 53829.
48
Calculate the remainder when 384350 is divided by 47961.
662
What is the remainder when 6490 is divided by 181?
155
Calculate the remainder when 466428 is divided by 1829.
33
Calculate the remainder when 6356259 is divided by 1589064.
3
Calculate the remainder when 1047884 is divided by 10072.
396
Calculate the remainder when 1660616 is divided by 207572.
40
What is the remainder when 185513 is divided by 1315?
98
What is the remainder when 15316532 is divided by 143145?
17
What is the remainder when 421850 is divided by 2687?
2678
What is the remainder when 43021748 is divided by 6867?
6860
What is the remainder when 4446278 is divided by 1869?
1796
What is the remainder when 354718 is divided by 598?
104
What is the remainder when 2456540 is divided by 492?
476
What is the remainder when 19719434 is divided by 9859639?
156
What is the remainder when 297453 is divided by 740?
713
Calculate the remainder when 3768567 is divided by 29.
17
Calculate the remainder when 392888495 is divided by 169.
168
What is the remainder when 5280852 is divided by 26404?
52
Calculate the remainder when 50544 is divided by 551.
403
Calculate the remainder when 2998472 is divided by 749615.
12
Calculate the remainder when 768667 is divided by 583.
273
What is the remainder when 1596356 is divided by 370?
176
What is the remainder when 2460106 is divided by 291?
283
What is the remainder when 1005409 is divided by 396?
361
Calculate the remainder when 3632833 is divided by 458.
435
What is the remainder when 2375422 is divided by 791737?
211
Calculate the remainder when 66890385 is divided by 67.
64
Calculate the remainder when 61110 is divided by 2079.
819
What is the remainder when 42481 is divide